8 is divided by 20.
18
What is the remainder when 1913 is divided by 332?
253
Calculate the remainder when 106302 is divided by 249.
228
What is the remainder when 12174 is divided by 33?
30
Calculate the remainder when 44205 is divided by 335.
320
Calculate the remainder when 16662 is divided by 4163.
10
What is the remainder when 9443 is divided by 7?
0
What is the remainder when 1135 is divided by 560?
15
Calculate the remainder when 9497 is divided by 1522.
365
Calculate the remainder when 335 is divided by 3.
2
Calculate the remainder when 7472 is divided by 14.
10
Calculate the remainder when 43939 is divided by 1186.
57
Calculate the remainder when 2431 is divided by 269.
10
Calculate the remainder when 79764 is divided by 319.
14
Calculate the remainder when 161406 is divided by 737.
3
What is the remainder when 29346 is divided by 36?
6
Calculate the remainder when 71506 is divided by 17874.
10
What is the remainder when 2420 is divided by 280?
180
Calculate the remainder when 1948 is divided by 547.
307
What is the remainder when 4201 is divided by 262?
9
Calculate the remainder when 22769 is divided by 184.
137
Calculate the remainder when 48651 is divided by 16055.
486
Calculate the remainder when 7415647 is divided by 488.
487
What is the remainder when 505 is divided by 86?
75
What is the remainder when 1253 is divided by 14?
7
Calculate the remainder when 21683 is divided by 276.
155
Calculate the remainder when 12058 is divided by 678.
532
Calculate the remainder when 39819 is divided by 262.
257
Calculate the remainder when 3157 is divided by 564.
337
What is the remainder when 20321 is divided by 425?
346
What is the remainder when 9400 is divided by 23?
16
What is the remainder when 29670 is divided by 471?
468
What is the remainder when 9864 is divided by 4123?
1618
Calculate the remainder when 85671 is divided by 849.
771
What is the remainder when 946 is divided by 299?
49
Calculate the remainder when 10417 is divided by 1016.
257
Calculate the remainder when 30470 is divided by 10140.
50
What is the remainder when 435469 is divided by 379?
377
What is the remainder when 2836 is divided by 573?
544
What is the remainder when 71482 is divided by 953?
7
What is the remainder when 1054 is divided by 349?
7
What is the remainder when 1143 is divided by 869?
274
What is the remainder when 6473 is divided by 3235?
3
Calculate the remainder when 413797 is divided by 137924.
25
What is the remainder when 101452 is divided by 107?
16
Calculate the remainder when 3543 is divided by 74.
65
What is the remainder when 1456166 is divided by 304?
6
What is the remainder when 36734 is divided by 18361?
12
Calculate the remainder when 28786 is divided by 24.
10
Calculate the remainder when 8689 is divided by 2896.
1
Calculate the remainder when 25901 is divided by 4234.
497
Calculate the remainder when 22066 is divided by 613.
611
What is the remainder when 13075 is divided by 980?
335
What is the remainder when 46024 is divided by 84?
76
What is the remainder when 35972 is divided by 121?
35
What is the remainder when 20472 is divided by 682?
12
Calculate the remainder when 2159 is divided by 237.
26
Calculate the remainder when 1996 is divided by 295.
226
What is the remainder when 14939 is divided by 4976?
11
What is the remainder when 4275 is divided by 165?
150
Calculate the remainder when 116975 is divided by 58482.
11
What is the remainder when 42203 is divided by 10?
3
What is the remainder when 6502 is divided by 972?
670
Calculate the remainder when 6335 is divided by 81.
17
What is the remainder when 644 is divided by 28?
0
Calculate the remainder when 1406 is divided by 230.
26
What is the remainder when 187990 is divided by 8544?
22
What is the remainder when 674061 is divided by 72?
69
What is the remainder when 208304 is divided by 27?
26
Calculate the remainder when 209982 is divided by 6.
0
What is the remainder when 5974 is divided by 1475?
74
Calculate the remainder when 1208 is divided by 40.
8
What is the remainder when 5193 is divided by 992?
233
What is the remainder when 3298 is divided by 45?
13
Calculate the remainder when 423451 is divided by 127.
33
Calculate the remainder when 3519 is divided by 3456.
63
Calculate the remainder when 17767 is divided by 5920.
7
What is the remainder when 138757 is divided by 58?
21
Calculate the remainder when 303717 is divided by 101236.
9
Calculate the remainder when 2228746 is divided by 316.
314
What is the remainder when 10905 is divided by 45?
15
What is the remainder when 8801 is divided by 2194?
25
What is the remainder when 28642 is divided by 2045?
12
Calculate the remainder when 11968 is divided by 901.
255
What is the remainder when 1498241 is divided by 142?
141
What is the remainder when 40506 is divided by 369?
285
What is the remainder when 110212 is divided by 471?
469
Calculate the remainder when 313776 is divided by 62740.
76
Calculate the remainder when 964048 is divided by 5.
3
What is the remainder when 6359 is divided by 30?
29
What is the remainder when 143066 is divided by 40?
26
Calculate the remainder when 355781 is divided by 670.
11
What is the remainder when 499442 is divided by 596?
590
What is the remainder when 10887 is divided by 330?
327
Calculate the remainder when 6051 is divided by 257.
140
Calculate the remainder when 2057423 is divided by 21.
11
What is the remainder when 143767 is divided by 39?
13
Calculate the remainder when 1676 is divided by 163.
46
Calculate the remainder when 11914 is divided by 891.
331
What is the remainder when 1198 is divided by 1185?
13
Calculate the remainder when 1015012 is divided by 180.
172
Calculate the remainder when 939 is divided by 275.
114
What is the remainder when 2732 is divided by 1363?
6
What is the remainder when 46132 is divided by 1153?
12
What is the remainder when 8491 is divided by 4236?
19
Calculate the remainder when 5175 is divided by 2554.
67
Calculate the remainder when 9880 is divided by 897.
13
Calculate the remainder when 2099126 is divided by 1229.
1223
Calculate the remainder when 20589 is divided by 9.
6
Calculate the remainder when 76 is divided by 14.
6
Calculate the remainder when 123751 is divided by 20.
11
What is the remainder when 14430 is divided by 745?
275
Calculate the remainder when 250499 is divided by 30.
29
What is the remainder when 203373 is divided by 764?
149
What is the remainder when 8184 is divided by 745?
734
What is the remainder when 12624 is divided by 52?
40
Calculate the remainder when 276266 is divided by 276261.
5
What is the remainder when 218348 is divided by 12?
8
Calculate the remainder when 59909 is divided by 214.
203
What is the remainder when 3164 is divided by 275?
139
What is the remainder when 5169 is divided by 336?
129
What is the remainder when 2202 is divided by 568?
498
What is the remainder when 536331 is divided by 335?
331
What is the remainder when 23677 is divided by 2959?
5
What is the remainder when 215021 is divided by 108?
101
Calculate the remainder when 51536 is divided by 14.
2
Calculate the remainder when 5616 is divided by 64.
48
What is the remainder when 108 is divided by 94?
14
What is the remainder when 623068 is divided by 1610?
1608
Calculate the remainder when 14093 is divided by 228.
185
What is the remainder when 12780 is divided by 457?
441
Calculate the remainder when 5620 is divided by 24.
4
Calculate the remainder when 88817 is divided by 759.
14
What is the remainder when 40662 is divided by 120?
102
What is the remainder when 1306 is divided by 234?
136
Calculate the remainder when 91962 is divided by 1095.
1077
What is the remainder when 6476 is divided by 41?
39
What is the remainder when 1043 is divided by 358?
327
Calculate the remainder when 203316 is divided by 76.
16
What is the remainder when 3768 is divided by 912?
120
Calculate the remainder when 78964 is divided by 500.
464
Calculate the remainder when 51158 is divided by 5.
3
What is the remainder when 40981 is divided by 139?
115
What is the remainder when 609037 is divided by 103?
101
Calculate the remainder when 588 is divided by 340.
248
What is the remainder when 304 is divided by 304?
0
What is the remainder when 120241 is divided 